{"id":78,"date":"2014-02-05T12:01:17","date_gmt":"2014-02-05T11:01:17","guid":{"rendered":"https:\/\/ews.nu\/?page_id=78"},"modified":"2014-06-13T12:06:19","modified_gmt":"2014-06-13T10:06:19","slug":"om-var-verksamhet","status":"publish","type":"page","link":"https:\/\/ews.nu\/?page_id=78","title":{"rendered":"Om v\u00e5r verksamhet"},"content":{"rendered":"<p><strong>V\u00e5r verksamhet och historia<\/strong><br \/>\nEast-West Service \u00e4r ett litet f\u00f6retag med stora kunder. Vi arbetar med hj\u00e4lp av internet, e-post, fax, telefon och vanlig post utifr\u00e5n ett lantst\u00e4lle vid Husby-L\u00e5nghundra mellan Stockholm och Uppsala, ganska n\u00e4ra Arlanda.<\/p>\n<p align=\"left\">V\u00e5rt lilla kontor \u00e4r utrustat med snabba datorer och v\u00e5r personal \u00e4r spr\u00e5kkunnig. Med hj\u00e4lp av datorerna n\u00e5r vi hundratals utl\u00e4ndska \u00f6vers\u00e4ttare, dvs \u00f6vers\u00e4ttare med m\u00e5lspr\u00e5ket som modersm\u00e5l, som samarbetar med oss. De sitter \u00f6verallt i den vida v\u00e4rlden, fr\u00e5n Haparanda till Ankara, fr\u00e5n Beijing till Washington, fr\u00e5n Athen till Rio de Janeiro och vi kommunicerar genom olika media, fr\u00e4mst med hj\u00e4lp av e-post.<\/p>\n<p align=\"left\">Vi b\u00f6rjade med tolkningar och \u00f6vers\u00e4ttningar som l\u00e5g oss n\u00e4ra, dvs de som vi kunde utf\u00f6ra sj\u00e4lva. Det var mest spr\u00e5ken i den slavisk-germanska v\u00e4rlden. \u00c4ven idag sysslar vi, som sk\u00f6ter f\u00f6rmedling av \u00f6vers\u00e4ttningarna, sj\u00e4lva med \u00f6vers\u00e4ttning och tolkning, och det \u00e4r vi stolta \u00f6ver.<\/p>\n<p align=\"left\">Vi har l\u00e4rt oss hur en korrekt \u00f6vers\u00e4ttning skall se ut, vad punktlighet och noggrannhet \u00e4r, vad \u00f6vers\u00e4ttningens och tolkningens etik vill s\u00e4ga. Vi h\u00e4nger med utvecklingen och utnyttjar de modernaste kommunikationerna.<\/p>\n<p align=\"left\">En presentation av grundaren Jaroslav Suk finner du <a href=\"https:\/\/ews.nu\/?page_id=81\"><span style=\"text-decoration: underline;\">h\u00e4r<\/span><\/a>.<\/p>\n<p><img loading=\"lazy\" decoding=\"async\" alt=\"line1\" src=\"https:\/\/www.ews.nu\/line.gif\" width=\"653\" height=\"2\" \/><\/p>\n<p align=\"left\"><strong>Vad \u00e4r en Auktoriserad translator?<\/strong><br \/>\nEn auktoriserad translator har godk\u00e4nts i ett statligt prov och har r\u00e4tt att s\u00e4tta en s\u00e4rskild st\u00e4mpel p\u00e5 sina \u00f6vers\u00e4ttningar. Auktorisationen sker genom Kammarkollegiets \u00e5rliga prov, de skrivs under ett nio timmar l\u00e5ngt pass best\u00e5ende av juridiska, ekonomiska och allm\u00e4nna delar. Ett enda grovt fel r\u00e4cker f\u00f6r att inte klara provet. Endast 10% av kandidaterna brukar bli godk\u00e4nda.<\/p>\n","protected":false},"excerpt":{"rendered":"<p>V\u00e5r verksamhet och historia East-West Service \u00e4r ett litet f\u00f6retag med stora kunder. Vi arbetar med hj\u00e4lp av internet, e-post, fax, telefon och vanlig post utifr\u00e5n ett lantst\u00e4lle vid Husby-L\u00e5nghundra mellan Stockholm och Uppsala, ganska n\u00e4ra Arlanda. V\u00e5rt lilla kontor \u00e4r utrustat med snabba datorer och v\u00e5r personal \u00e4r spr\u00e5kkunnig. Med hj\u00e4lp av datorerna n\u00e5r &hellip; <a href=\"https:\/\/ews.nu\/?page_id=78\" class=\"more-link\">Forts\u00e4tt l\u00e4sa <span class=\"screen-reader-text\">Om v\u00e5r verksamhet<\/span> <span class=\"meta-nav\">&rarr;<\/span><\/a><\/p>\n","protected":false},"author":1,"featured_media":0,"parent":0,"menu_order":5,"comment_status":"closed","ping_status":"closed","template":"","meta":{"footnotes":""},"class_list":["post-78","page","type-page","status-publish","hentry"],"_links":{"self":[{"href":"https:\/\/ews.nu\/index.php?rest_route=\/wp\/v2\/pages\/78","targetHints":{"allow":["GET"]}}],"collection":[{"href":"https:\/\/ews.nu\/index.php?rest_route=\/wp\/v2\/pages"}],"about":[{"href":"https:\/\/ews.nu\/index.php?rest_route=\/wp\/v2\/types\/page"}],"author":[{"embeddable":true,"href":"https:\/\/ews.nu\/index.php?rest_route=\/wp\/v2\/users\/1"}],"replies":[{"embeddable":true,"href":"https:\/\/ews.nu\/index.php?rest_route=%2Fwp%2Fv2%2Fcomments&post=78"}],"version-history":[{"count":5,"href":"https:\/\/ews.nu\/index.php?rest_route=\/wp\/v2\/pages\/78\/revisions"}],"predecessor-version":[{"id":279,"href":"https:\/\/ews.nu\/index.php?rest_route=\/wp\/v2\/pages\/78\/revisions\/279"}],"wp:attachment":[{"href":"https:\/\/ews.nu\/index.php?rest_route=%2Fwp%2Fv2%2Fmedia&parent=78"}],"curies":[{"name":"wp","href":"https:\/\/api.w.org\/{rel}","templated":true}]}}